




{"id":243,"date":"2024-03-03T12:58:45","date_gmt":"2024-03-03T11:58:45","guid":{"rendered":"https:\/\/intranet.projektninja.com\/?page_id=243"},"modified":"2024-06-04T13:39:52","modified_gmt":"2024-06-04T11:39:52","slug":"timeline-animate-css","status":"publish","type":"page","link":"https:\/\/projektninja.com\/devblog\/timeline-animate-css\/","title":{"rendered":"Timeline animate CSS"},"content":{"rendered":"\n<section class=\"wp-block-group has-global-padding is-layout-constrained wp-block-group-is-layout-constrained\">\n<h1 class=\"wp-block-heading\">Timeline animate CSS<\/h1>\n\n\n\n<div id=\"tmeline-outer\">\n<div id=\"znaczniki-kontener\">\n<div id=\"timeline\"><\/div>\n<\/div>\n<button id=\"timeline-dodaj-button\">Dodaj klatk\u0119 kluczow\u0105<\/button><button id=\"timeline-usun-button\">Usu\u0144 zaznaczon\u0105 klatk\u0119 kluczow\u0105<\/button><button id=\"dodaj-nowy-timeline-button\">Nowy timeline<\/button>\n<pre id=\"output\"><\/pre>\n<\/div>\n<\/section>\n\n\n\n<div class=\"wp-block-buttons is-layout-flex wp-block-buttons-is-layout-flex\"><\/div>\n","protected":false},"excerpt":{"rendered":"<p>Timeline animate CSS Dodaj klatk\u0119 kluczow\u0105Usu\u0144 zaznaczon\u0105 klatk\u0119 kluczow\u0105Nowy timeline<\/p>\n","protected":false},"author":1,"featured_media":0,"parent":0,"menu_order":0,"comment_status":"closed","ping_status":"closed","template":"","meta":{"footnotes":""},"class_list":["post-243","page","type-page","status-publish","hentry"],"aioseo_notices":[],"_links":{"self":[{"href":"https:\/\/projektninja.com\/devblog\/wp-json\/wp\/v2\/pages\/243","targetHints":{"allow":["GET"]}}],"collection":[{"href":"https:\/\/projektninja.com\/devblog\/wp-json\/wp\/v2\/pages"}],"about":[{"href":"https:\/\/projektninja.com\/devblog\/wp-json\/wp\/v2\/types\/page"}],"author":[{"embeddable":true,"href":"https:\/\/projektninja.com\/devblog\/wp-json\/wp\/v2\/users\/1"}],"replies":[{"embeddable":true,"href":"https:\/\/projektninja.com\/devblog\/wp-json\/wp\/v2\/comments?post=243"}],"version-history":[{"count":2,"href":"https:\/\/projektninja.com\/devblog\/wp-json\/wp\/v2\/pages\/243\/revisions"}],"predecessor-version":[{"id":358,"href":"https:\/\/projektninja.com\/devblog\/wp-json\/wp\/v2\/pages\/243\/revisions\/358"}],"wp:attachment":[{"href":"https:\/\/projektninja.com\/devblog\/wp-json\/wp\/v2\/media?parent=243"}],"curies":[{"name":"wp","href":"https:\/\/api.w.org\/{rel}","templated":true}]}}